-16*j - 5*m, 2*m + 1111055 = 5*j. Is j composite?
True
Let c be (-1 - 0) + (-2 + -4 - -16336). Suppose 2*a - 2*p - 8206 = 0, -4*a + 5*p + c = -81. Is a composite?
True
Let n = 0 + -1. Let o be 12091 + (-1 - n) + (-19 - -16). Suppose 12*t - 4*t = o. Is t prime?
True
Is 228/152*(-2)/3 - -33927*2 a composite number?
False
Suppose 12 = 5*x - 3. Suppose -3*u - 4*l + 628 = 0, u - 207 = -4*l - 3. Suppose 7*i - x*i = u. Is i composite?
False
Suppose -10488 = 5*h + a - 408171, 3*a = -6. Is h a composite number?
False
Suppose -58667 = -q + 4*l, 12*l = 17*l + 10. Is q composite?
True
Let j(z) be the third derivative of z**5/10 - 5*z**4/8 + 53*z**3/6 - 5*z**2 + 6*z. Is j(24) composite?
True
Let w be 1/(-3) + ((-423460)/(-15))/(-4). Is (w/(-6))/((-37)/(-333)) a prime number?
False
Let c = -182 + 230. Suppose -c = 7*p - 7349. Is p a prime number?
False
Let o(v) = -v + 1. Let g be o(-3). Suppose f + 2 = g*a + 9, 4*f - 7 = -5*a. Is 1762 - (f - (0 + 0)) a prime number?
True
Suppose 33*g - d + 8 = 34*g, -5 = -d. Suppose 4*k - 5*a - 343 = 0, 0 = -0*k + g*k - a - 260. Is k a prime number?
False
Let i(m) = -2256*m - 4009. Is i(-11) a composite number?
False
Let n(d) be the first derivative of -1221*d**2 + 95*d + 143. Is n(-14) a prime number?
True
Let x = 126927 + -71310. Is 8*(-5)/(-120)*x a composite number?
False
Let j(x) be the first derivative of -3*x**4/2 + 2*x**3 - 3*x**2/2 - 38*x + 91. Is j(-13) composite?
False
Suppose -2*m + 3*j + 5442 = 0, 4*m - 4*j = m + 8164. Let x = -889 + m. Is x a prime number?
False
Let k = -19311 + 27627. Suppose -3*v + 12 = 0, -2*v = -y + k + 3267. Is y a prime number?
False
Let w(f) = 269*f**2 - 2*f + 1. Suppose 27 + 36 = -7*b. Let h be 4 - b/((-27)/6). Is w(h) composite?
True
Let m(h) = -9731*h + 2. Let r be m(-1). Suppose -4*s - r = -5*o, 3*o - 3064 = 3*s + 2774. Is o composite?
False
Let w(y) = -8361*y + 164. Is w(-13) prime?
False
Suppose -5*w = 4*z - 80048 - 104765, -4*z + 110883 = 3*w. Is w prime?
False
Let c(k) = 1513*k - 1052. Is c(45) prime?
True
Let p(q) = q**2 - 20. Let s be 11/2 - ((-66)/12 - -6). Let l be p(s). Suppose 0 = -3*z + l*z - 778. Is z a composite number?
False
Let c(b) = 68541*b + 4393. Is c(22) composite?
True
Let o = 276 - 279. Let n be -3*1*3/3. Is n/(-6)*(-6618)/o composite?
False
Let l(p) = 10731*p**2 - 45*p + 43. Is l(7) composite?
True
Let s(r) = 62*r**2 + 3*r - 48. Let n(z) = -z + 1. Let a(b) = 4*n(b) + s(b). Is a(-9) composite?
False
Let k be (2/6)/(74/1776). Suppose -q + 711 = -y, -5*y - k = -y. Is q composite?
False
Is (567/42)/27*1/((-2)/(-383788)) a prime number?
True
Is 24/300 - 2606115/(-125) a prime number?
True
Let l(c) = 293*c + 8. Let v be l(5). Let d = v - -9179. Is d/12 - 4/6 prime?
True
Is (602894/(-11))/(614/(-3377)) composite?
False
Let c(k) = 48794*k - 627. Is c(5) composite?
False
Let y = -1066 + 1506. Suppose 0*g + 8*g - y = 0. Is g a prime number?
False
Is (-255153)/(-3) - (-224)/(-112) prime?
True
Let c(d) = 7*d**2 + 7*d + 7. Let a be c(-1). Let z be 4540 + 2 + -5 + 2. Suppose 0 = -4*w + a*w - z. Is w a prime number?
False
Suppose -2*z - 16*g + 20*g = -36050, 2*z + 5*g - 36122 = 0. Is z a prime number?
True
Let h = 5886 + -3498. Let g = h - 1687. Is g composite?
False
Suppose 58133 = 2*t + 15*t - 175413. Is t a prime number?
False
Suppose -4*h + 676173 + 1676694 = 5*x, -5*x = -3*h - 2352916. Is x a prime number?
True
Let l = 1050 + -1973. Let b = 2986 + l. Is b prime?
True
Let n be 4/(12/(-9)) - -19. Suppose 0*y - 3*k - 4 = -y, 3*y - 2*k = -n. Is (20/y + 2)*-934 composite?
False
Suppose 6*y + 4 = 8*y. Suppose -2*d - 3*d = y*u - 23099, -5*d + 23097 = u. Is d a prime number?
False
Let c = 1361181 + -309964. Is c prime?
False
Suppose 2*x + d - 7 = 0, -4*x + 4*d = -9*x + 25. Is 5078 + -2 - 1/(x/(-3)) prime?
False
Let w(m) = 2091*m**2 + 92*m - 562. Is w(6) prime?
False
Let i(v) = -v + 2*v**2 + 4*v - 3*v**2 + 6 + 3*v. Let y be i(6). Suppose 12789 - 4395 = y*f. Is f composite?
False
Suppose 893 = 27*s + 83. Is 0 - (-12)/s - 46566/(-10) composite?
False
Let j = 50596 + -26315. Is j composite?
False
Let l be (-16)/104 - -29*(-8273)/(-13). Suppose -4*r - l = -9*r. Is r composite?
False
Is 3289060/52 - 64/416 composite?
True
Let u = 134517 - 80366. Is u a prime number?
True
Let y = 55 + -676. Let l = 421 - y. Suppose -1042 = -0*p - 2*p + o, -2*p + l = 2*o. Is p composite?
False
Suppose c - 3*t = 228178, -20*c + 5*t + 456357 = -18*c. Is c prime?
True
Let v(g) = -222*g + 25. Let m = 39 + -47. Is v(m) prime?
True
Let y = -247 + 250. Suppose -8406 = -i + y*u + 5473, 0 = -4*i + 4*u + 55532. Is i a composite number?
True
Let g(d) = -4*d**3 + 3*d**2 + 31*d + 23. Let p(v) = v - 3. Let h be p(-10). Is g(h) a composite number?
True
Suppose -59*u - 21*u = -u - 28894013. Is u prime?
True
Suppose 6*d = 37*d - 87079. Is d prime?
False
Let o = 276458 - 156127. Is o prime?
True
Let b(n) = -972*n**2 - 4*n - 1. Let z be b(2). Let g = 166 - z. Is g a prime number?
False
Suppose -284*s + 306*s - 18124502 = 0. Is s a prime number?
True
Let p be 4/5*(-3 + 8). Suppose 0 = 3*o + h - 412, -3*h - p - 289 = -2*o. Suppose 3*g = -3*m + 203 + o, 4*m + 5*g - 457 = 0. Is m a prime number?
True
Suppose -4*k = -y + 497, 0 = 3*k - 4*y + 6*y + 381. Is (-5)/(k/10) + (-15953)/(-5) a prime number?
True
Let d = 30 - 18. Let l be (-245)/(-4) - (2 + 1)/d. Suppose 2*m - l - 13 = 0. Is m a composite number?
False
Let d(t) = 29*t + 14. Let p be d(4). Let v be (p/(-39))/(2/(-402)). Let n = v + -413. Is n composite?
False
Is (-1)/(-1) + -3 + 164334*(-45)/(-54) prime?
True
Suppose 210*i - 2070898 - 1006232 = 0. Is i prime?
True
Let z = -186 + 174. Is (-207075)/z - 3/(-4) a prime number?
True
Suppose -l + 34*l - 18711 = 0. Let r(g) = -10*g**2 - g + 5. Let i be r(5). Let j = i + l. Is j a prime number?
True
Let o = 99 - 68. Suppose 0 = 16*f - o*f + 27600. Let c = -381 + f. Is c composite?
False
Let u = 4115 - 4127. Let g be -790 - 1/(-1)*-1. Is u/(-30)*5 - g/1 composite?
True
Let q = 46454 + 146973. Is q a prime number?
False
Let d be ((-180)/495)/(2/(-4499)). Let r be (-1)/2 + (-4086)/(-4). Suppose -r - d = -3*i. Is i prime?
True
Is (4 + 170250/(-18))*-12 + 1 composite?
False
Let c = -3878 - 7531. Is (14/21)/((-2)/c) a prime number?
True
Let w(g) = 800*g**2 + g. Let i = -42 + 41. Let d be w(i). Suppose 0 = 5*r - 4*r - d. Is r a composite number?
True
Let v be 7 + (27983 - (-4)/(-2)). Suppose 27*w - 261155 = v. Is w composite?
False
Suppose 0 = -5*p + 1 + 14. Let w be (-1 - 12/p)*-4. Suppose 3*v = w + 127. Is v prime?
False
Let z = 21473 - -19896. Is z a composite number?
True
Let h = 44212 - 14151. Is h a composite number?
True
Let n = 15792 + -8700. Suppose 8*i - n = -4*i. Is i a prime number?
False
Suppose 0 = 4*q, -4*q + 150566 = 51*r - 49*r. Suppose 3*d = 4*c + r, 3*d = d - c + 50196. Is d a composite number?
False
Let x(r) = 81*r**2 - 213*r + 3591. Is x(17) prime?
False
Let b = -160842 + 426629. Is b a prime number?
True
Suppose -24*j + 51*j = 15*j + 2553324. Is j a prime number?
True
Suppose 2*j + 145 + 833 = 0. Let r = 599 - j. Suppose -4*u - 165 - r = -3*z, -u = -1. Is z composite?
False
Let k = -80 + 81. Let q be 10/(-15)*k*-12. Suppose 0 = -q*r + 514 + 3702. Is r a composite number?
True
Let h be (0 + 0)/(-2 + 0 + 1). Is (h - -6757) + ((-42)/(-6) - 3) composite?
False
Let f(y) = -100373*y - 20. Is f(-3) a prime number?
False
Let c(i) = 2*i**2 + 7*i + 10. Suppose 5*y + 20 = 0, -2*y - 14 = 4*u + 6. Let g be c(u). Suppose 2*x = g*x - 3155. Is x composite?
False
Suppose -28*s + 57*s - 80765 = 0. Is s a prime number?
False
Let n(t) = -2*t - 26. Let a be n(-17). Is (-15)/10 - (-4)/a*4257 prime?
False
Let b(g) = -40*g + 6. Let d be b(5). Suppose h - 3*v - 1133 = 0, -70*h + 5*v = -75*h + 5545. Let m = d + h. Is m prime?
False
Suppose 5*n - 43 + 18 = 0, k + 869 = 5*n. Let c = k + 2906. Is c a prime number?
False
Let s(x) = 43*x**2 + 1 - 53*x - 25*x + 96*x**2 - 14*x**2. Is s(6) a prime number?
False
Let g(s) = s**2 + 298*s + 896999. Is g(0) a prime number?
False
Is (-6 - -9)*((-1568901)/(-9) - -6 - 4) a prime number?
False
Suppose -340 - 1080 = -20*p. Let i = 71 - p. Suppose i = -6*d - 2035 + 11293. Is d composite?
False
Suppose -4*l + 473 + 327 = 0. Let s = l + -83. Suppose s = 14*u - 11*u. Is u prime?
False
Suppose -4*v - 3*q -